{"id":45029,"date":"2024-03-05T19:05:58","date_gmt":"2024-03-05T18:05:58","guid":{"rendered":"https:\/\/chrislet.de\/hochzeitsfotograf\/?page_id=45029"},"modified":"2024-10-05T21:47:37","modified_gmt":"2024-10-05T20:47:37","slug":"tipps","status":"publish","type":"page","link":"https:\/\/chrislet.de\/hochzeitsfotograf\/tipps\/","title":{"rendered":"Tipps zur Hochzeitsplanung"},"content":{"rendered":"\t\t<div data-elementor-type=\"wp-page\" data-elementor-id=\"45029\" class=\"elementor elementor-45029\" data-elementor-post-type=\"page\">\n\t\t\t\t<div class=\"elementor-element elementor-element-b611c11 e-con-full e-flex e-con e-parent\" data-id=\"b611c11\" data-element_type=\"container\" data-settings=\"{&quot;background_background&quot;:&quot;classic&quot;,&quot;motion_fx_motion_fx_scrolling&quot;:&quot;yes&quot;,&quot;motion_fx_devices&quot;:[&quot;desktop&quot;]}\">\n\t\t\t\t<div class=\"elementor-element elementor-element-e439c88 elementor-fixed elementor-widget-mobile__width-inherit elementor-widget elementor-widget-heading\" data-id=\"e439c88\" data-element_type=\"widget\" data-settings=\"{&quot;_position&quot;:&quot;fixed&quot;,&quot;motion_fx_motion_fx_scrolling&quot;:&quot;yes&quot;,&quot;motion_fx_opacity_effect&quot;:&quot;yes&quot;,&quot;motion_fx_opacity_direction&quot;:&quot;in-out&quot;,&quot;motion_fx_opacity_range&quot;:{&quot;unit&quot;:&quot;%&quot;,&quot;size&quot;:&quot;&quot;,&quot;sizes&quot;:{&quot;start&quot;:43,&quot;end&quot;:43}},&quot;motion_fx_opacity_level&quot;:{&quot;unit&quot;:&quot;px&quot;,&quot;size&quot;:10,&quot;sizes&quot;:[]},&quot;motion_fx_devices&quot;:[&quot;desktop&quot;,&quot;tablet&quot;,&quot;mobile&quot;]}\" data-widget_type=\"heading.default\">\n\t\t\t\t<div class=\"elementor-widget-container\">\n\t\t\t\t\t<h1 class=\"elementor-heading-title elementor-size-default\">Tipps Zur Hochzeitsplanung<\/h1>\t\t\t\t<\/div>\n\t\t\t\t<\/div>\n\t\t\t\t<\/div>\n\t\t<div class=\"elementor-element elementor-element-529f85d e-flex e-con-boxed e-con e-parent\" data-id=\"529f85d\" data-element_type=\"container\">\n\t\t\t\t\t<div class=\"e-con-inner\">\n\t\t\t\t<div class=\"elementor-element elementor-element-3394b6e elementor-widget-divider--view-line_text elementor-widget-divider--element-align-left elementor-widget-tablet__width-initial elementor-widget elementor-widget-divider\" data-id=\"3394b6e\" data-element_type=\"widget\" data-widget_type=\"divider.default\">\n\t\t\t\t<div class=\"elementor-widget-container\">\n\t\t\t\t\t\t\t<div class=\"elementor-divider\">\n\t\t\t<span class=\"elementor-divider-separator\">\n\t\t\t\t\t\t\t<h2 class=\"elementor-divider__text elementor-divider__element\">\n\t\t\t\tLasst euch <b>inspirieren<\/b>\t\t\t\t<\/h2>\n\t\t\t\t\t\t<\/span>\n\t\t<\/div>\n\t\t\t\t\t\t<\/div>\n\t\t\t\t<\/div>\n\t\t\t\t<div class=\"elementor-element elementor-element-5438c0a elementor-widget elementor-widget-text-editor\" data-id=\"5438c0a\" data-element_type=\"widget\" data-widget_type=\"text-editor.default\">\n\t\t\t\t<div class=\"elementor-widget-container\">\n\t\t\t\t\t\t\t\t\t<p>Die Zeit zwischen einer Verlobung und dem Hochzeitstag ist wertvoll und zu viel Stress k\u00f6nnte die Vorfreude tr\u00fcben.<\/p><p>Ich teile mit Euch meine Erfahrungen, die sch\u00f6nsten Ideen aber auch Tipps, die Euch w\u00e4hrend der Planung f\u00fcr einen gelungenen Tag unterst\u00fctzen sollen, mitgeben. Letztlich wird sich das auch auf sch\u00f6nere Fotos f\u00fcr Euch auswirken. Wenn es mir durch meine Tipps m\u00f6glich ist, Euren Stress ein wenig zu mildern, habe ich mein Ziel erreicht.\u00a0 Ich m\u00f6chte Euch keine Vorgaben machen, nehmt ihn als Anregung und findet Euren eigenen Stil f\u00fcr Eure Hochzeit. Ich w\u00fcnsche Euch viel Freude aber auch Gelassenheit beim Inspirieren und Planen Eurer Hochzeit.<\/p><p>Dem kompletten Wedding-Guide erhaltet ihr gedruckt bei eurer Buchung.<\/p>\t\t\t\t\t\t\t\t<\/div>\n\t\t\t\t<\/div>\n\t\t\t\t<div class=\"elementor-element elementor-element-c54f85b elementor-posts--align-center elementor-widget-tablet__width-inherit elementor-widget__width-inherit elementor-grid-3 elementor-grid-tablet-2 elementor-grid-mobile-1 elementor-posts--thumbnail-top elementor-widget elementor-widget-posts\" data-id=\"c54f85b\" data-element_type=\"widget\" data-settings=\"{&quot;classic_row_gap&quot;:{&quot;unit&quot;:&quot;px&quot;,&quot;size&quot;:40,&quot;sizes&quot;:[]},&quot;classic_columns&quot;:&quot;3&quot;,&quot;classic_columns_tablet&quot;:&quot;2&quot;,&quot;classic_columns_mobile&quot;:&quot;1&quot;,&quot;classic_row_gap_tablet&quot;:{&quot;unit&quot;:&quot;px&quot;,&quot;size&quot;:&quot;&quot;,&quot;sizes&quot;:[]},&quot;classic_row_gap_mobile&quot;:{&quot;unit&quot;:&quot;px&quot;,&quot;size&quot;:&quot;&quot;,&quot;sizes&quot;:[]}}\" data-widget_type=\"posts.classic\">\n\t\t\t\t<div class=\"elementor-widget-container\">\n\t\t\t\t\t\t\t<div class=\"elementor-posts-container elementor-posts elementor-posts--skin-classic elementor-grid\" role=\"list\">\n\t\t\t\t<article class=\"elementor-post elementor-grid-item post-44141 post type-post status-publish format-standard has-post-thumbnail hentry category-tipps-zur-hochzeitsplanung\" role=\"listitem\">\n\t\t\t\t<a class=\"elementor-post__thumbnail__link\" href=\"https:\/\/chrislet.de\/hochzeitsfotograf\/der-first-look\/\" tabindex=\"-1\" >\n\t\t\t<div class=\"elementor-post__thumbnail\"><img fetchpriority=\"high\" decoding=\"async\" width=\"500\" height=\"333\" src=\"https:\/\/chrislet.de\/hochzeitsfotograf\/wp-content\/smush-webp\/hochzeitsfotograf-frauenfeld-1315-500x333.jpg.webp\" class=\"attachment-medium size-medium wp-image-41984\" alt=\"hochzeitsfotograf-frauenfeld-1315\" title=\"\" srcset=\"https:\/\/chrislet.de\/hochzeitsfotograf\/wp-content\/smush-webp\/hochzeitsfotograf-frauenfeld-1315-500x333.jpg.webp 500w, https:\/\/chrislet.de\/hochzeitsfotograf\/wp-content\/smush-webp\/hochzeitsfotograf-frauenfeld-1315-300x200.jpg.webp 300w, https:\/\/chrislet.de\/hochzeitsfotograf\/wp-content\/smush-webp\/hochzeitsfotograf-frauenfeld-1315-768x512.jpg.webp 768w, https:\/\/chrislet.de\/hochzeitsfotograf\/wp-content\/smush-webp\/hochzeitsfotograf-frauenfeld-1315.jpg.webp 1350w\" sizes=\"(max-width: 500px) 100vw, 500px\" \/><\/div>\n\t\t<\/a>\n\t\t\t\t<div class=\"elementor-post__text\">\n\t\t\t\t<h3 class=\"elementor-post__title\">\n\t\t\t<a href=\"https:\/\/chrislet.de\/hochzeitsfotograf\/der-first-look\/\" >\n\t\t\t\tDer First-Look\t\t\t<\/a>\n\t\t<\/h3>\n\t\t\t\t<\/div>\n\t\t\t\t<\/article>\n\t\t\t\t<article class=\"elementor-post elementor-grid-item post-44126 post type-post status-publish format-standard has-post-thumbnail hentry category-tipps-zur-hochzeitsplanung\" role=\"listitem\">\n\t\t\t\t<a class=\"elementor-post__thumbnail__link\" href=\"https:\/\/chrislet.de\/hochzeitsfotograf\/das-engagementshooting\/\" tabindex=\"-1\" >\n\t\t\t<div class=\"elementor-post__thumbnail\"><img decoding=\"async\" width=\"500\" height=\"333\" src=\"https:\/\/chrislet.de\/hochzeitsfotograf\/wp-content\/smush-webp\/Engagementshooting-Konstanz-05-0359-500x333.jpg.webp\" class=\"attachment-medium size-medium wp-image-44135\" alt=\"Engagementshooting Konstanz\" title=\"\" srcset=\"https:\/\/chrislet.de\/hochzeitsfotograf\/wp-content\/smush-webp\/Engagementshooting-Konstanz-05-0359-500x333.jpg.webp 500w, https:\/\/chrislet.de\/hochzeitsfotograf\/wp-content\/smush-webp\/Engagementshooting-Konstanz-05-0359-300x200.jpg.webp 300w, https:\/\/chrislet.de\/hochzeitsfotograf\/wp-content\/smush-webp\/Engagementshooting-Konstanz-05-0359-768x512.jpg.webp 768w, https:\/\/chrislet.de\/hochzeitsfotograf\/wp-content\/smush-webp\/Engagementshooting-Konstanz-05-0359.jpg.webp 900w\" sizes=\"(max-width: 500px) 100vw, 500px\" loading=\"lazy\" \/><\/div>\n\t\t<\/a>\n\t\t\t\t<div class=\"elementor-post__text\">\n\t\t\t\t<h3 class=\"elementor-post__title\">\n\t\t\t<a href=\"https:\/\/chrislet.de\/hochzeitsfotograf\/das-engagementshooting\/\" >\n\t\t\t\tDas Engagementshooting\t\t\t<\/a>\n\t\t<\/h3>\n\t\t\t\t<\/div>\n\t\t\t\t<\/article>\n\t\t\t\t<article class=\"elementor-post elementor-grid-item post-43257 post type-post status-publish format-standard has-post-thumbnail hentry category-tipps-zur-hochzeitsplanung\" role=\"listitem\">\n\t\t\t\t<a class=\"elementor-post__thumbnail__link\" href=\"https:\/\/chrislet.de\/hochzeitsfotograf\/tipps-trauung-zeremonie-hochzeit\/\" tabindex=\"-1\" >\n\t\t\t<div class=\"elementor-post__thumbnail\"><img decoding=\"async\" width=\"500\" height=\"333\" src=\"https:\/\/chrislet.de\/hochzeitsfotograf\/wp-content\/smush-webp\/Trauung-Hochzeit-11-0966-500x333.jpg.webp\" class=\"attachment-medium size-medium wp-image-44120\" alt=\"Trauung Hochzeit\" title=\"\" srcset=\"https:\/\/chrislet.de\/hochzeitsfotograf\/wp-content\/smush-webp\/Trauung-Hochzeit-11-0966-500x333.jpg.webp 500w, https:\/\/chrislet.de\/hochzeitsfotograf\/wp-content\/smush-webp\/Trauung-Hochzeit-11-0966-300x200.jpg.webp 300w, https:\/\/chrislet.de\/hochzeitsfotograf\/wp-content\/smush-webp\/Trauung-Hochzeit-11-0966-768x512.jpg.webp 768w, https:\/\/chrislet.de\/hochzeitsfotograf\/wp-content\/smush-webp\/Trauung-Hochzeit-11-0966.jpg.webp 900w\" sizes=\"(max-width: 500px) 100vw, 500px\" loading=\"lazy\" \/><\/div>\n\t\t<\/a>\n\t\t\t\t<div class=\"elementor-post__text\">\n\t\t\t\t<h3 class=\"elementor-post__title\">\n\t\t\t<a href=\"https:\/\/chrislet.de\/hochzeitsfotograf\/tipps-trauung-zeremonie-hochzeit\/\" >\n\t\t\t\t10 Tipps zur Trauung und Zeremonie am Hochzeitstag\t\t\t<\/a>\n\t\t<\/h3>\n\t\t\t\t<\/div>\n\t\t\t\t<\/article>\n\t\t\t\t<article class=\"elementor-post elementor-grid-item post-43971 post type-post status-publish format-standard has-post-thumbnail hentry category-tipps-zur-hochzeitsplanung\" role=\"listitem\">\n\t\t\t\t<a class=\"elementor-post__thumbnail__link\" href=\"https:\/\/chrislet.de\/hochzeitsfotograf\/das-brautpaarshooting\/\" tabindex=\"-1\" >\n\t\t\t<div class=\"elementor-post__thumbnail\"><img loading=\"lazy\" decoding=\"async\" width=\"500\" height=\"333\" src=\"https:\/\/chrislet.de\/hochzeitsfotograf\/wp-content\/smush-webp\/Hochzeitsfotograf_Walensee-2199.jpg.webp\" class=\"attachment-medium size-medium wp-image-41156\" alt=\"Hochzeitsfotograf_Walensee-2199\" title=\"\" srcset=\"https:\/\/chrislet.de\/hochzeitsfotograf\/wp-content\/smush-webp\/Hochzeitsfotograf_Walensee-2199.jpg.webp 1350w, https:\/\/chrislet.de\/hochzeitsfotograf\/wp-content\/smush-webp\/Hochzeitsfotograf_Walensee-2199-768x512.jpg.webp 768w\" sizes=\"(max-width: 500px) 100vw, 500px\" \/><\/div>\n\t\t<\/a>\n\t\t\t\t<div class=\"elementor-post__text\">\n\t\t\t\t<h3 class=\"elementor-post__title\">\n\t\t\t<a href=\"https:\/\/chrislet.de\/hochzeitsfotograf\/das-brautpaarshooting\/\" >\n\t\t\t\tDas Brautpaarshooting\t\t\t<\/a>\n\t\t<\/h3>\n\t\t\t\t<\/div>\n\t\t\t\t<\/article>\n\t\t\t\t<article class=\"elementor-post elementor-grid-item post-43201 post type-post status-publish format-standard has-post-thumbnail hentry category-tipps-zur-hochzeitsplanung\" role=\"listitem\">\n\t\t\t\t<a class=\"elementor-post__thumbnail__link\" href=\"https:\/\/chrislet.de\/hochzeitsfotograf\/getting-ready-fotos-hochzeitstag\/\" tabindex=\"-1\" >\n\t\t\t<div class=\"elementor-post__thumbnail\"><img loading=\"lazy\" decoding=\"async\" width=\"500\" height=\"333\" src=\"https:\/\/chrislet.de\/hochzeitsfotograf\/wp-content\/smush-webp\/getting-ready-hochzeitsfotograf-0239-500x333.jpg.webp\" class=\"attachment-medium size-medium wp-image-43202\" alt=\"getting ready hochzeitsfotograf\" title=\"\" srcset=\"https:\/\/chrislet.de\/hochzeitsfotograf\/wp-content\/smush-webp\/getting-ready-hochzeitsfotograf-0239-500x333.jpg.webp 500w, https:\/\/chrislet.de\/hochzeitsfotograf\/wp-content\/smush-webp\/getting-ready-hochzeitsfotograf-0239-300x200.jpg.webp 300w, https:\/\/chrislet.de\/hochzeitsfotograf\/wp-content\/smush-webp\/getting-ready-hochzeitsfotograf-0239-768x512.jpg.webp 768w, https:\/\/chrislet.de\/hochzeitsfotograf\/wp-content\/smush-webp\/getting-ready-hochzeitsfotograf-0239.jpg.webp 1350w\" sizes=\"(max-width: 500px) 100vw, 500px\" \/><\/div>\n\t\t<\/a>\n\t\t\t\t<div class=\"elementor-post__text\">\n\t\t\t\t<h3 class=\"elementor-post__title\">\n\t\t\t<a href=\"https:\/\/chrislet.de\/hochzeitsfotograf\/getting-ready-fotos-hochzeitstag\/\" >\n\t\t\t\tGetting-Ready 4 Tipps f\u00fcr sch\u00f6ne Fotos am Hochzeitstag\t\t\t<\/a>\n\t\t<\/h3>\n\t\t\t\t<\/div>\n\t\t\t\t<\/article>\n\t\t\t\t<article class=\"elementor-post elementor-grid-item post-42915 post type-post status-publish format-standard has-post-thumbnail hentry category-tipps-zur-hochzeitsplanung\" role=\"listitem\">\n\t\t\t\t<a class=\"elementor-post__thumbnail__link\" href=\"https:\/\/chrislet.de\/hochzeitsfotograf\/hochzeitsshooting-regen-hochzeitstag\/\" tabindex=\"-1\" >\n\t\t\t<div class=\"elementor-post__thumbnail\"><img loading=\"lazy\" decoding=\"async\" width=\"500\" height=\"334\" src=\"https:\/\/chrislet.de\/hochzeitsfotograf\/wp-content\/smush-webp\/hochzeit-regen-500x334.jpg.webp\" class=\"attachment-medium size-medium wp-image-42916\" alt=\"hochzeit regen\" title=\"\" srcset=\"https:\/\/chrislet.de\/hochzeitsfotograf\/wp-content\/smush-webp\/hochzeit-regen-500x334.jpg.webp 500w, https:\/\/chrislet.de\/hochzeitsfotograf\/wp-content\/smush-webp\/hochzeit-regen-300x200.jpg.webp 300w, https:\/\/chrislet.de\/hochzeitsfotograf\/wp-content\/smush-webp\/hochzeit-regen-768x512.jpg.webp 768w, https:\/\/chrislet.de\/hochzeitsfotograf\/wp-content\/smush-webp\/hochzeit-regen.jpg.webp 1349w\" sizes=\"(max-width: 500px) 100vw, 500px\" \/><\/div>\n\t\t<\/a>\n\t\t\t\t<div class=\"elementor-post__text\">\n\t\t\t\t<h3 class=\"elementor-post__title\">\n\t\t\t<a href=\"https:\/\/chrislet.de\/hochzeitsfotograf\/hochzeitsshooting-regen-hochzeitstag\/\" >\n\t\t\t\tRegen am Hochzeitstag &#8211; 10 Tipps f\u00fcr Regenwetter bei der Hochzeit\t\t\t<\/a>\n\t\t<\/h3>\n\t\t\t\t<\/div>\n\t\t\t\t<\/article>\n\t\t\t\t<article class=\"elementor-post elementor-grid-item post-42881 post type-post status-publish format-standard has-post-thumbnail hentry category-tipps-zur-hochzeitsplanung\" role=\"listitem\">\n\t\t\t\t<a class=\"elementor-post__thumbnail__link\" href=\"https:\/\/chrislet.de\/hochzeitsfotograf\/tipps-hochzeitsvorbereitung\/\" tabindex=\"-1\" >\n\t\t\t<div class=\"elementor-post__thumbnail\"><img loading=\"lazy\" decoding=\"async\" width=\"500\" height=\"334\" src=\"https:\/\/chrislet.de\/hochzeitsfotograf\/wp-content\/smush-webp\/Hochzeitsplanung-Vorbereitung-1368-500x334.jpg.webp\" class=\"attachment-medium size-medium wp-image-42891\" alt=\"Hochzeitsplanung Vorbereitung\" title=\"\" srcset=\"https:\/\/chrislet.de\/hochzeitsfotograf\/wp-content\/smush-webp\/Hochzeitsplanung-Vorbereitung-1368-500x334.jpg.webp 500w, https:\/\/chrislet.de\/hochzeitsfotograf\/wp-content\/smush-webp\/Hochzeitsplanung-Vorbereitung-1368-300x200.jpg.webp 300w, https:\/\/chrislet.de\/hochzeitsfotograf\/wp-content\/smush-webp\/Hochzeitsplanung-Vorbereitung-1368-768x512.jpg.webp 768w, https:\/\/chrislet.de\/hochzeitsfotograf\/wp-content\/smush-webp\/Hochzeitsplanung-Vorbereitung-1368.jpg.webp 1349w\" sizes=\"(max-width: 500px) 100vw, 500px\" \/><\/div>\n\t\t<\/a>\n\t\t\t\t<div class=\"elementor-post__text\">\n\t\t\t\t<h3 class=\"elementor-post__title\">\n\t\t\t<a href=\"https:\/\/chrislet.de\/hochzeitsfotograf\/tipps-hochzeitsvorbereitung\/\" >\n\t\t\t\t6 Tipps zur Hochzeitsvorbereitung\t\t\t<\/a>\n\t\t<\/h3>\n\t\t\t\t<\/div>\n\t\t\t\t<\/article>\n\t\t\t\t<\/div>\n\t\t\n\t\t\t\t\t\t<\/div>\n\t\t\t\t<\/div>\n\t\t\t\t\t<\/div>\n\t\t\t\t<\/div>\n\t\t\t\t<\/div>\n\t\t","protected":false},"excerpt":{"rendered":"<p>Tipps Zur Hochzeitsplanung Lasst euch inspirieren Die Zeit zwischen einer Verlobung und dem Hochzeitstag ist wertvoll und zu viel Stress k\u00f6nnte die Vorfreude tr\u00fcben. Ich<\/p>\n","protected":false},"author":5,"featured_media":0,"parent":0,"menu_order":0,"comment_status":"closed","ping_status":"closed","template":"","meta":{"_acf_changed":false,"site-sidebar-layout":"no-sidebar","site-content-layout":"page-builder","ast-site-content-layout":"full-width-container","site-content-style":"default","site-sidebar-style":"default","ast-global-header-display":"","ast-banner-title-visibility":"","ast-main-header-display":"","ast-hfb-above-header-display":"","ast-hfb-below-header-display":"","ast-hfb-mobile-header-display":"","site-post-title":"disabled","ast-breadcrumbs-content":"","ast-featured-img":"disabled","footer-sml-layout":"","theme-transparent-header-meta":"default","adv-header-id-meta":"","stick-header-meta":"","header-above-stick-meta":"","header-main-stick-meta":"","header-below-stick-meta":"","astra-migrate-meta-layouts":"set","ast-page-background-enabled":"default","ast-page-background-meta":{"desktop":{"background-color":"","background-image":"","background-repeat":"repeat","background-position":"center center","background-size":"auto","background-attachment":"scroll","background-type":"","background-media":"","overlay-type":"","overlay-color":"","overlay-opacity":"","overlay-gradient":""},"tablet":{"background-color":"","background-image":"","background-repeat":"repeat","background-position":"center center","background-size":"auto","background-attachment":"scroll","background-type":"","background-media":"","overlay-type":"","overlay-color":"","overlay-opacity":"","overlay-gradient":""},"mobile":{"background-color":"","background-image":"","background-repeat":"repeat","background-position":"center center","background-size":"auto","background-attachment":"scroll","background-type":"","background-media":"","overlay-type":"","overlay-color":"","overlay-opacity":"","overlay-gradient":""}},"ast-content-background-meta":{"desktop":{"background-color":"var(--ast-global-color-5)","background-image":"","background-repeat":"repeat","background-position":"center center","background-size":"auto","background-attachment":"scroll","background-type":"","background-media":"","overlay-type":"","overlay-color":"","overlay-opacity":"","overlay-gradient":""},"tablet":{"background-color":"var(--ast-global-color-5)","background-image":"","background-repeat":"repeat","background-position":"center center","background-size":"auto","background-attachment":"scroll","background-type":"","background-media":"","overlay-type":"","overlay-color":"","overlay-opacity":"","overlay-gradient":""},"mobile":{"background-color":"var(--ast-global-color-5)","background-image":"","background-repeat":"repeat","background-position":"center center","background-size":"auto","background-attachment":"scroll","background-type":"","background-media":"","overlay-type":"","overlay-color":"","overlay-opacity":"","overlay-gradient":""}},"iawp_total_views":133,"footnotes":""},"class_list":["post-45029","page","type-page","status-publish","hentry"],"acf":[],"_links":{"self":[{"href":"https:\/\/chrislet.de\/hochzeitsfotograf\/wp-json\/wp\/v2\/pages\/45029","targetHints":{"allow":["GET"]}}],"collection":[{"href":"https:\/\/chrislet.de\/hochzeitsfotograf\/wp-json\/wp\/v2\/pages"}],"about":[{"href":"https:\/\/chrislet.de\/hochzeitsfotograf\/wp-json\/wp\/v2\/types\/page"}],"author":[{"embeddable":true,"href":"https:\/\/chrislet.de\/hochzeitsfotograf\/wp-json\/wp\/v2\/users\/5"}],"replies":[{"embeddable":true,"href":"https:\/\/chrislet.de\/hochzeitsfotograf\/wp-json\/wp\/v2\/comments?post=45029"}],"version-history":[{"count":0,"href":"https:\/\/chrislet.de\/hochzeitsfotograf\/wp-json\/wp\/v2\/pages\/45029\/revisions"}],"wp:attachment":[{"href":"https:\/\/chrislet.de\/hochzeitsfotograf\/wp-json\/wp\/v2\/media?parent=45029"}],"curies":[{"name":"wp","href":"https:\/\/api.w.org\/{rel}","templated":true}]}}